{"id":29,"date":"2013-12-14T00:55:56","date_gmt":"2013-12-14T00:55:56","guid":{"rendered":"http:\/\/umea.wikimedia.se\/?page_id=29"},"modified":"2014-09-26T07:43:58","modified_gmt":"2014-09-26T06:43:58","slug":"press","status":"publish","type":"page","link":"https:\/\/www.umepedia.se\/?page_id=29","title":{"rendered":"Press"},"content":{"rendered":"<div>\n<table class=\"sortable wikitable jquery-tablesorter\">\n<tbody>\n<tr>\n<td>Tidningen 7<\/td>\n<td>2013-04-03<\/td>\n<td><a class=\"external free\" href=\"http:\/\/www.webben7.se\/artikel\/kulturhuvudstadsaret-2014-2\" rel=\"nofollow\">http:\/\/www.webben7.se\/artikel\/kulturhuvudstadsaret-2014-2<\/a><\/td>\n<\/tr>\n<tr>\n<td>VKs blogg<\/td>\n<td>2013-04-06<\/td>\n<td><a class=\"external free\" href=\"http:\/\/blogg.vk.se\/mikael\/2013\/04\/06\/umea-wikipedia\/\" rel=\"nofollow\">http:\/\/blogg.vk.se\/mikael\/2013\/04\/06\/umea-wikipedia\/<\/a><\/td>\n<\/tr>\n<tr>\n<td>Andreas Skogs blogg<\/td>\n<td>2014-03-12<\/td>\n<td><a class=\"external free\" href=\"http:\/\/andreasskog.wordpress.com\/2014\/03\/12\/lar-dig-redigera-wikipedia-i-umea\/\" rel=\"nofollow\">http:\/\/andreasskog.wordpress.com\/2014\/03\/12\/lar-dig-redigera-wikipedia-i-umea\/<\/a><\/td>\n<\/tr>\n<tr>\n<td>Bygdeportalen.se<\/td>\n<td>2014-03-13<\/td>\n<td><a class=\"external free\" href=\"http:\/\/www.bygdeportalen.se\/byar\/rodasel\/5092-satt-tavelsjo-och-rodabygden-pa-kartan\" rel=\"nofollow\">http:\/\/www.bygdeportalen.se\/byar\/rodasel\/5092-satt-tavelsjo-och-rodabygden-pa-kartan<\/a><\/td>\n<\/tr>\n<tr>\n<td>SVT<\/td>\n<td>2014-03-17<\/td>\n<td><a class=\"external free\" href=\"http:\/\/www.svt.se\/nyheter\/regionalt\/vasterbottensnytt\/umea-nordens-forsta-wikipedia-stad\" rel=\"nofollow\">http:\/\/www.svt.se\/nyheter\/regionalt\/vasterbottensnytt\/umea-nordens-forsta-wikipedia-stad<\/a><\/td>\n<\/tr>\n<tr>\n<td>Folkbladet<\/td>\n<td>2014-03-17<\/td>\n<td><a class=\"external free\" href=\"http:\/\/www.folkbladet.nu\/794611\/valkommen-till-umepedia\" rel=\"nofollow\">http:\/\/www.folkbladet.nu\/794611\/valkommen-till-umepedia<\/a><\/td>\n<\/tr>\n<tr>\n<td>SVT V\u00e4sterbottensnytt<\/td>\n<td>2014-03-17<\/td>\n<td><a class=\"external free\" href=\"http:\/\/www.svt.se\/nyheter\/regionalt\/vasterbottensnytt\/umea-nordens-forsta-wikipedia-stad?utm_source=feedburner&amp;utm_medium=feed&amp;utm_campaign=Feed%3A+Svtse-Vasterbottensnytt+%28svt.se+-+V%C3%A4sterbottensnytt%29\" rel=\"nofollow\">http:\/\/www.svt.se\/nyheter\/regionalt\/vasterbottensnytt\/umea-nordens-forsta-wikipedia-stad?utm_source=feedburner&amp;utm_medium=feed&amp;utm_campaign=Feed%3A+Svtse-Vasterbottensnytt+%28svt.se+-+V%C3%A4sterbottensnytt%29<\/a><\/td>\n<\/tr>\n<tr>\n<td>umea.se<\/td>\n<td>2014-03-17<\/td>\n<td><a class=\"external free\" href=\"http:\/\/www.umea.se\/arkiv\/toppnyhetsarkiv\/toppartiklar\/umeablirnordensforstawikipediastad.5.3f589399144bbe9c36613a4.html\" rel=\"nofollow\">http:\/\/www.umea.se\/arkiv\/toppnyhetsarkiv\/toppartiklar\/umeablirnordensforstawikipediastad.5.3f589399144bbe9c36613a4.html<\/a><\/td>\n<\/tr>\n<tr>\n<td>Ume\u00e52014<\/td>\n<td>2014-03-17<\/td>\n<td><a class=\"external free\" href=\"http:\/\/umea2014.se\/2014\/03\/first-nordic-wikipedia-city\/\" rel=\"nofollow\">http:\/\/umea2014.se\/2014\/03\/first-nordic-wikipedia-city\/<\/a><\/td>\n<\/tr>\n<tr>\n<td>V\u00e4sterbottenkuriren<\/td>\n<td>2014-03-18<\/td>\n<td><a class=\"external free\" href=\"http:\/\/www.vk.se\/1152324\/umea-blir-umeapedia\" rel=\"nofollow\">http:\/\/www.vk.se\/1152324\/umea-blir-umeapedia<\/a><\/td>\n<\/tr>\n<tr>\n<td>ainali.com<\/td>\n<td>2014-03-18<\/td>\n<td><a class=\"external free\" href=\"http:\/\/ainali.com\/2014\/umepedia-tar-fart\/\" rel=\"nofollow\">http:\/\/ainali.com\/2014\/umepedia-tar-fart\/<\/a><\/td>\n<\/tr>\n<tr>\n<td>Totalt Ume\u00e5<\/td>\n<td>2014-03-19<\/td>\n<td><a class=\"external free\" href=\"http:\/\/www.e-pages.dk\/totaltumea\/72\/\" rel=\"nofollow\">http:\/\/www.e-pages.dk\/totaltumea\/72\/<\/a><\/td>\n<\/tr>\n<tr>\n<td>V\u00e4sterbottenkuriren<\/td>\n<td>2014-03-20<\/td>\n<td><a class=\"external free\" href=\"http:\/\/www.vk.se\/plus\/1154951\/de-skriver-umeas-historia-pa-natet\" rel=\"nofollow\">http:\/\/www.vk.se\/plus\/1154951\/de-skriver-umeas-historia-pa-natet<\/a> (bakom betalv\u00e4gg)<\/td>\n<\/tr>\n<tr>\n<td>P4 V\u00e4sterbotten<\/td>\n<td>2014-03-21<\/td>\n<td><a class=\"external free\" href=\"http:\/\/sverigesradio.se\/sida\/avsnitt?programid=284\" rel=\"nofollow\">http:\/\/sverigesradio.se\/sida\/avsnitt?programid=284<\/a> (startar vid 1:43:55)<\/td>\n<\/tr>\n<tr>\n<td>umea2014.se<\/td>\n<td>2014-04-03<\/td>\n<td><a class=\"external free\" href=\"http:\/\/umea2014.se\/2013\/04\/mobilen-blir-faktabok-om-umea\/\" rel=\"nofollow\">http:\/\/umea2014.se\/2013\/04\/mobilen-blir-faktabok-om-umea\/<\/a><\/td>\n<\/tr>\n<tr>\n<td>UmU<\/td>\n<td>2014-04-04<\/td>\n<td><a class=\"external free\" href=\"http:\/\/www.umu.se\/om-universitetet\/aktuellt\/nyheter\/nyhetsvisning\/\/umea-2014-umepedia-blir-mobil-faktabok-om-umea.cid212833\" rel=\"nofollow\">http:\/\/www.umu.se\/om-universitetet\/aktuellt\/nyheter\/nyhetsvisning\/\/umea-2014-umepedia-blir-mobil-faktabok-om-umea.cid212833<\/a><\/td>\n<\/tr>\n<tr>\n<td>VK<\/td>\n<td>2014-04-10<\/td>\n<td><a class=\"external free\" href=\"http:\/\/www.vk.se\/plus\/1170624\/snabba-svar-i-umepedia\" rel=\"nofollow\">http:\/\/www.vk.se\/plus\/1170624\/snabba-svar-i-umepedia<\/a><\/td>\n<\/tr>\n<tr>\n<td>Folkbladet<\/td>\n<td>2014-04-10<\/td>\n<td><a class=\"external free\" href=\"http:\/\/www.folkbladet.nu\/802010\/gitarrerna-kopplar-upp-sig\" rel=\"nofollow\">http:\/\/www.folkbladet.nu\/802010\/gitarrerna-kopplar-upp-sig<\/a><\/td>\n<\/tr>\n<tr>\n<td>Ume\u00e52014<\/td>\n<td>2014-04-10<\/td>\n<td><a class=\"external free\" href=\"http:\/\/umea2014.se\/2014\/04\/forsta-umepedia-skyltarna-pa-plats\/\" rel=\"nofollow\">http:\/\/umea2014.se\/2014\/04\/forsta-umepedia-skyltarna-pa-plats\/<\/a><\/td>\n<\/tr>\n<tr>\n<td>Infotech Ume\u00e5<\/td>\n<td>2014-04-22<\/td>\n<td><a class=\"external free\" href=\"http:\/\/www.infotechumea.se\/umea-syns-mer-pa-wikipedia\" rel=\"nofollow\">http:\/\/www.infotechumea.se\/umea-syns-mer-pa-wikipedia<\/a><\/td>\n<\/tr>\n<tr>\n<td>alumn.umu.se<\/td>\n<td>2014-05-01<\/td>\n<td><a class=\"external free\" href=\"http:\/\/www.alumn.umu.se\/english\/alumni-events\/umepedia-challenge\/\" rel=\"nofollow\">http:\/\/www.alumn.umu.se\/english\/alumni-events\/umepedia-challenge\/<\/a><\/td>\n<\/tr>\n<\/tbody>\n<\/table>\n<\/div>\n<header>\n<hgroup>\n<h3>Logotyp<\/h3>\n<\/hgroup>\n<\/header>\n<div>\n<div id=\"post-404\">\n<p><a href=\"https:\/\/commons.wikimedia.org\/wiki\/File:Umepedia-logo.svg\"><img decoding=\"async\" loading=\"lazy\" class=\"alignnone\" src=\"https:\/\/upload.wikimedia.org\/wikipedia\/commons\/thumb\/a\/a9\/Umepedia-logo.svg\/200px-Umepedia-logo.svg.png\" alt=\"Umepedia-logo\" width=\"200\" height=\"142\" \/><\/a><\/p>\n<p><em>Umepedias officiella logotyp. Licens: CC-BY-SA.<\/em><\/p>\n<p>Klicka p\u00e5 bilden ovan f\u00f6r att ladda ner i olika uppl\u00f6sningar.<\/p>\n<\/div>\n<\/div>\n","protected":false},"excerpt":{"rendered":"<p>Tidningen 7 2013-04-03 http:\/\/www.webben7.se\/artikel\/kulturhuvudstadsaret-2014-2 VKs blogg 2013-04-06 http:\/\/blogg.vk.se\/mikael\/2013\/04\/06\/umea-wikipedia\/ Andreas Skogs blogg 2014-03-12 http:\/\/andreasskog.wordpress.com\/2014\/03\/12\/lar-dig-redigera-wikipedia-i-umea\/ Bygdeportalen.se 2014-03-13 http:\/\/www.bygdeportalen.se\/byar\/rodasel\/5092-satt-tavelsjo-och-rodabygden-pa-kartan SVT 2014-03-17 http:\/\/www.svt.se\/nyheter\/regionalt\/vasterbottensnytt\/umea-nordens-forsta-wikipedia-stad Folkbladet 2014-03-17 http:\/\/www.folkbladet.nu\/794611\/valkommen-till-umepedia SVT V\u00e4sterbottensnytt 2014-03-17 http:\/\/www.svt.se\/nyheter\/regionalt\/vasterbottensnytt\/umea-nordens-forsta-wikipedia-stad?utm_source=feedburner&amp;utm_medium=feed&amp;utm_campaign=Feed%3A+Svtse-Vasterbottensnytt+%28svt.se+-+V%C3%A4sterbottensnytt%29 umea.se 2014-03-17 http:\/\/www.umea.se\/arkiv\/toppnyhetsarkiv\/toppartiklar\/umeablirnordensforstawikipediastad.5.3f589399144bbe9c36613a4.html Ume\u00e52014 2014-03-17 http:\/\/umea2014.se\/2014\/03\/first-nordic-wikipedia-city\/ V\u00e4sterbottenkuriren 2014-03-18 http:\/\/www.vk.se\/1152324\/umea-blir-umeapedia ainali.com 2014-03-18 http:\/\/ainali.com\/2014\/umepedia-tar-fart\/ Totalt Ume\u00e5 &hellip; <a href=\"https:\/\/www.umepedia.se\/?page_id=29\">Continue reading <span class=\"meta-nav\">&rarr;<\/span><\/a><\/p>\n","protected":false},"author":1,"featured_media":0,"parent":0,"menu_order":0,"comment_status":"closed","ping_status":"closed","template":"","meta":{"footnotes":""},"_links":{"self":[{"href":"https:\/\/www.umepedia.se\/index.php?rest_route=\/wp\/v2\/pages\/29"}],"collection":[{"href":"https:\/\/www.umepedia.se\/index.php?rest_route=\/wp\/v2\/pages"}],"about":[{"href":"https:\/\/www.umepedia.se\/index.php?rest_route=\/wp\/v2\/types\/page"}],"author":[{"embeddable":true,"href":"https:\/\/www.umepedia.se\/index.php?rest_route=\/wp\/v2\/users\/1"}],"replies":[{"embeddable":true,"href":"https:\/\/www.umepedia.se\/index.php?rest_route=%2Fwp%2Fv2%2Fcomments&post=29"}],"version-history":[{"count":0,"href":"https:\/\/www.umepedia.se\/index.php?rest_route=\/wp\/v2\/pages\/29\/revisions"}],"wp:attachment":[{"href":"https:\/\/www.umepedia.se\/index.php?rest_route=%2Fwp%2Fv2%2Fmedia&parent=29"}],"curies":[{"name":"wp","href":"https:\/\/api.w.org\/{rel}","templated":true}]}}